 -g + 5*t - 9, -9 - 2 = 3*g + t. Let l be 2*2/g + 4. Let z = 21 - l. What is the remainder when z is divided by 10?
8
Let i(h) = h**2 - 5. Let w(j) = -3*j + 1. What is the remainder when i(4) is divided by w(-2)?
4
Calculate the remainder when 17 is divided by (3*3)/(2/2).
8
Suppose -i - 7 = 26. What is the remainder when 8/(-16) - i/2 is divided by 9?
7
Suppose -33 = 4*i - 5*i. Suppose 89 - i = 4*c. Calculate the remainder when 25 is divided by c.
11
Let l be 1*(4 - (-1 + 2)). Suppose 10 - 1 = l*j. Suppose 0*y = -y + 4*k + 17, -4*y - j*k = -125. What is the remainder when y is divided by 10?
9
Let w(l) = 5*l**2 - 5*l - 2. Let t be w(-3). Let c = t + -37. Calculate the remainder when c is divided by 11.
10
Let q be (2 - 0) + -3 + 3. Suppose -5*g = -q*g - 123. Calculate the remainder when g is divided by 15.
11
Suppose -6*j = -j - 435. Calculate the remainder when j is divided by 22.
21
Let p be 591/(-9) - (-2)/3. Let l = -25 - p. What is the remainder when l is divided by 14?
12
Let c(j) = 2*j - 3. Let i = 6 + -4. Let b(a) = 7*a + 2. Calculate the remainder when b(i) is divided by c(6).
7
Let x be -2 + 1 + 2 + 1. Suppose 3*j = -0*j + v + 64, x*j - 40 = -2*v. Calculate the remainder when j is divided by (36/16)/((-6)/(-16)).
3
Suppose 4*i = 5*r - 206, 5*r + 4*i - 209 = 5*i. Calculate the remainder when r is divided by 9.
6
Let r(o) = -10*o**3 - 3*o**2 - 3*o. What is the remainder when r(-2) is divided by (-1 + 39)*(-1)/(-2)?
17
Suppose 4*j = -2*d - 186, -90 = -0*j + 2*j + 4*d. Let o = -31 - j. Let i(m) = 2*m**2 + 4*m + 3. Calculate the remainder when o is divided by i(-3).
7
Let c = 342 + -156. Suppose o - c = -2*o. Let u = o + -34. What is the remainder when u is divided by 10?
8
Suppose 0 = 5*d + 5 + 5. Let a(s) = s**2 + 2*s + 3. Let c be a(d). Suppose -c*g + 57 = -0*g. What is the remainder when g is divided by 10?
9
Let j(r) = 4*r - 48 + 48. Let d(q) = 7*q - 1. Calculate the remainder when j(9) is divided by d(2).
10
Suppose 3*z + 10 = 34. What is the remainder when z is divided by 6?
2
Suppose 0*n + n = j - 2, -3*n + j = -4. Suppose n*d = 17 + 25. What is the remainder when 27 is divided by d?
13
Let n(h) = 8*h. Let z be n(1). Let c = z - 1. What is the remainder when 26 is divided by c?
5
Let h(m) = m + 6. Let p be h(5). Let a = -2 + p. Suppose 0 = -3*z + b + 77, 4*z - a - 97 = 2*b. What is the remainder when z is divided by 13?
11
Let n = -22 - -90. What is the remainder when n is divided by 19?
11
Let f(v) = v**2 - 4*v - 2. Let u be f(5). Let s(l) = 21*l + 4. Calculate the remainder when s(u) is divided by 34.
33
Suppose 5*z = -20, f + f - 36 = 2*z. Calculate the remainder when 39 is divided by f.
11
Let h be 217/(-5) + 4/10. Let d(y) = -y**3 - 4*y**2 - 5*y. Let g be d(-2). What is the remainder when (-2)/4*g*h is divided by 15?
13
Let v be 7*1*(-4 + 5). Let u(b) = -b**3 + 7*b**2 - b. Let s be u(v). Let p = s + 15. Calculate the remainder when 29 is divided by p.
5
Suppose 2*j + 1 = 9. Suppose -246 = -j*z - 38. Suppose 0*f = f - z. What is the remainder when f is divided by 18?
16
Let l(r) = -r**3 - 17*r**2 - 31*r + 1. Calculate the remainder when 63 is divided by l(-15).
15
Suppose 4*n - 52 = 5*n. Let b = -13 - n. Suppose -4*v + 98 = v - q, 0 = -4*q + 8. Calculate the remainder when b is divided by v.
19
What is the remainder when 125 is divided by 320/50*(2 - -3)?
29
Let f = 7 + -5. Suppose j = -f*j + 30. What is the remainder when 294/10 + (-4)/10 is divided by j?
9
Suppose j - 12 = -7. Suppose -c = -j*c + 28. What is the remainder when 18 is divided by c?
4
Let w = -1 + 23. Suppose 6*b - b = 210. Calculate the remainder when b is divided by w.
20
Suppose 2 + 13 = 3*t, 5*r = 2*t + 165. Let d = 12 - 49. Let l = d - -55. Calculate the remainder when r is divided by l.
17
Suppose -126 = -9*z + 2*z. Calculate the remainder when z is divided by 4.
2
Suppose 18 = -v + 45. Suppose 33*y - 260 = 7*y. What is the remainder when v is divided by y?
7
Let k = 14 - 9. Suppose 0 = -3*r + i + 27, 0 = 4*r - 2*i + i - 36. What is the remainder when r is divided by k?
4
Suppose 5*t + 2*l = 45, 4*t - 2*l - 18 = 2*t. Let b = 17 + 0. What is the remainder when b is divided by t?
8
Suppose w + 15 = 4*z, w + 2 + 10 = 3*z. Let q = 37 + w. What is the remainder when q is divided by 11 + (-3)/6*(2 + 2)?
7
Suppose -6 = 2*j - 34. Let c be 20*1 - 0/(-3). Calculate the remainder when j is divided by 8/c - (-23)/5.
4
Let d = 13 - -14. Let h(i) = 22*i - 9. Calculate the remainder when h(4) is divided by d.
25
Let w be 1 - (1 - -2) - -10. Let q = w - 5. Suppose -p - q*p + 28 = 0. Calculate the remainder when 19 is divided by p.
5
Let f(h) = h. Let v be f(3). Let o be 2 + 1 - (-3 + v). Suppose 3*w = -2*b - 2 + 1, -2*b = 5*w + o. What is the remainder when b is divided by 1?
0
Suppose 156 = s + s. Calculate the remainder when s is divided by 27.
24
Let l = 14 + 16. Let h = -18 + l. What is the remainder when 46 is divided by h?
10
What is the remainder when 33 is divided by (-2)/(-1 - 1)*9?
6
Suppose 2*g - 19 = -17. Let x = 52 - g. Calculate the remainder when x is divided by 18.
15
Let x be 2/6 - 38/(-3). Suppose 5*c - 2 = x. Let h = 20 - c. Calculate the remainder when h is divided by 5.
2
Let f = -27 - -37. What is the remainder when 78 is divided by f?
8
Suppose -5*m = 2*a - 14, 0 = -a + m + 2 + 5. Let x(l) = -l + 9. Let r be x(a). Suppose 3*s - 36 = r*s. Calculate the remainder when s is divided by 13.
10
Let u(a) = -22*a + 6. Let t be u(4). Let q = t - -127. Let o(w) = -3*w + 14. What is the remainder when q is divided by o(-3)?
22
Suppose 4*h + 66 - 326 = 0. Calculate the remainder when h is divided by 17.
14
Suppose -21 + 1 = -5*t. Suppose -65 - 27 = -t*l. Suppose -2*g = 5*m - 34, 5*m - 25 = 3*g + 24. Calculate the remainder when l is divided by m.
7
Let v(d) = d**2 - 5*d - 12. Calculate the remainder when 34 is divided by v(8).
10
Suppose p - 1 - 30 = 0. What is the remainder when 61 is divided by p?
30
Let y = 5 - 2. Suppose 0 = -4*c + 6 + 2. Suppose -c*p - 2 = -y*p. What is the remainder when 3 is divided by p?
1
Suppose -3*p - 3*v = 9, -1 = 4*p - 2*v - 19. Suppose -14 - p = -2*l. Calculate the remainder when (100/l)/((-2)/(-4)) is divided by 9.
7
Let g = 6 + 6. What is the remainder when 30 is divided by g?
6
Let y(n) be the first derivative of -n**3/3 + 5*n**2 - 6*n - 2. Calculate the remainder when 38 is divided by y(8).
8
Let i be 5 + -4 - (1 + -5). Let w be (-1)/(i/3 + -2). Let s = w - -7. What is the remainder when 37 is divided by s?
7
Suppose -4 = -4*a, 2*y - 5*y + 18 = -3*a. Let b(i) = -i**2 + 4*i - 3. Let n be b(4). Calculate the remainder when (-25 + 1)*n/6 is divided by y.
5
Let r(x) = -3*x**3 - 2*x**2 + 5*x + 4. Let p be r(-3). Let q be p/8 + (-6)/4. Suppose q = b - 6. Calculate the remainder when 19 is divided by b.
8
Suppose 4*j = 39 + 1. Suppose -j = -4*d + 3*d. What is the remainder when 18 is divided by d?
8
Suppose 3*t - 26 = 22. Calculate the remainder when t is divided by 10.
6
Suppose -26*z - 2 = -27*z. What is the remainder when 2 is divided by z?
0
Suppose -2*x + 3*w = -39, -2*w + 2 = -4*w. What is the remainder when x is divided by 11?
7
Let q(h) = h**2 - 2*h + 1. Let a be q(1). Suppose a*i = -i + 8. Let j = i - -7. What is the remainder when j is divided by 8?
7
Let x be (-1)/(-3)*36/6. Let t(g) = -4*g**x + 2*g + g + 5*g + 0*g**3 + 4 - g**3. Calculate the remainder when t(-6) is divided by 15.
13
Suppose 10 = 2*w + 14. Let u(p) = -2*p + 3. What is the remainder when 27 is divided by u(w)?
6
Let l = -36 - -68. Suppose 0 = 3*b + 3*o - 27, 4*b = -0*b + 4*o + 52. What is the remainder when l is divided by b?
10
Suppose 7 = 3*y - 26. Suppose -2*t = -63 - y. Calculate the remainder when t is divided by 10.
7
Let g(k) = -k + 2. Let j be g(2). Suppose 6 = 3*d, -q - 2*d + j*d + 12 = 0. Let h(s) = 3*s**2 + s - 1. Calculate the remainder when h(-3) is divided by q.
7
Let p(v) = -v + 9. What is the remainder when 16 is divided by p(0)?
7
Let g = 54 + -25. What is the remainder when g is divided by 16?
13
Suppose 2*h - 17 = 4*f - 3*f, -4*f - 4*h = 20. What is the remainder when 7 is divided by -6*(-1)/(f/(-6))?
3
Let c = -97 + 182. Calculate the remainder when c is divided by 22.
19
What is the remainder when (66/15)/(3/75) is divided by 37